116*a**2 + 35*a + 191. Give s(39).
35
Let l(j) = -2*j**3 - 26*j**2 - 22*j + 247. What is l(-11)?
5
Let h(w) = -2*w**2 + 104*w + 210. Calculate h(-2).
-6
Let q(s) = 109*s**2 - 2618*s + 52. What is q(24)?
4
Let b(r) = 10*r + 228. What is b(-22)?
8
Let x(c) = 2*c - 391. Determine x(42).
-307
Let b(v) = -v**3 - 4*v**2 + 22*v + 8. What is b(4)?
-32
Let v(n) = 2*n**2 + 208*n + 4161. Determine v(-27).
3
Let m(p) = -p**3 - 23*p**2 - 2*p + 7. Give m(-23).
53
Let h(f) = f**3 - 21*f**2 + 4. Give h(21).
4
Let f(n) = n**3 - 23*n**2 - 143*n - 69. Determine f(29).
830
Let k(s) = -2*s**3 - 168*s**2 - 177*s - 920. Give k(-83).
-7
Let w(j) = -2*j**2 - 568*j - 5996. Determine w(-273).
10
Let k(w) = -20*w**2 - 27*w - 63. Determine k(-5).
-428
Let z(r) = -r**2 + 21*r + 4018. Give z(72).
346
Let l(z) = -3*z**3 - z**2 + 22*z - 18. Give l(4).
-138
Let f(h) = -h**2 - 98*h - 25. What is f(5)?
-540
Let r(d) = d**2 - 294*d - 1787. Calculate r(-6).
13
Let x(m) = -58*m - 1446. Calculate x(-23).
-112
Let n(g) = g**2 - 57*g + 773. What is n(23)?
-9
Let i(u) = -25*u**2 - 12*u + 97. Give i(5).
-588
Let j(i) = -76*i + 575. Give j(8).
-33
Let c(u) = 54*u**2 - 714*u - 603. What is c(14)?
-15
Let j(d) = -51*d + 186. What is j(5)?
-69
Let y(x) = 20*x**2 + 149*x + 1064. Calculate y(-7).
1001
Let w(i) = 2*i**2 + 1587*i + 6325. Determine w(-4).
9
Let m(d) = d**3 - 2*d**2 - 6*d + 5. Calculate m(5).
50
Let x(w) = -40*w + 2515. Give x(63).
-5
Let m(b) = 3*b**3 + 13*b**2 + 9*b - 22. Give m(-5).
-117
Let z(b) = -b**3 - 2*b**2 + 17*b + 3. Calculate z(-6).
45
Let i(d) = -d**3 + 7*d**2 - 266*d + 1856. What is i(7)?
-6
Let b(d) = d**3 + 142*d**2 - 277*d - 19. What is b(2)?
3
Let u(t) = -9*t + 47. What is u(-13)?
164
Let i(u) = 3*u**2 + 7*u - 441. Give i(-15).
129
Let h(v) = -v**2 + 6*v + 834. What is h(32)?
2
Let d(g) = g**2 - 10*g - 421. What is d(26)?
-5
Let c(o) = 288*o - 1152. Give c(4).
0
Let a(u) = u**2 - 34*u + 216. What is a(28)?
48
Let v(p) = 306*p + 60. Give v(1).
366
Let l(d) = 17*d**3 + 339*d**2 - 24*d + 33. What is l(-20)?
113
Let c(s) = -s**3 + 8*s**2 + 126*s + 26. Determine c(-7).
-121
Let n(o) = 5*o**2 - 65*o + 1. Calculate n(16).
241
Let x(g) = 5*g**3 - 59*g**2 - 21*g + 9. What is x(12)?
-99
Let k(h) = -h**2 + 96*h + 2310. Determine k(116).
-10
Let z(a) = 2*a**2 - 11*a + 26. What is z(14)?
264
Let v(q) = 5*q**2 + 114*q + 220. Determine v(-21).
31
Let z(i) = 81*i**3 + 728*i**2 - 6*i + 19. Calculate z(-9).
-8
Let j(z) = 5*z**3 - 58*z**2 - 844*z + 80. Give j(20).
0
Let m(p) = -21*p**2 + 785*p + 1335. Determine m(39).
9
Let h(r) = 20*r**2 + 2642*r + 260. Give h(-132).
-4
Let l(o) = o**2 - 4532*o + 126108. What is l(28)?
-4
Let z(r) = -2*r**2 - 69*r - 415. Calculate z(-27).
-10
Let h(a) = -11*a + 40. Calculate h(13).
-103
Let d(z) = 66*z - 382. Calculate d(6).
14
Let u(d) = d**3 + 34*d**2 + 92*d - 32. Give u(-31).
-1
Let l(x) = 2*x**2 - 24*x + 10. Determine l(10).
-30
Let l(a) = 88*a - 4515. Calculate l(53).
149
Let z(f) = -9*f**2 - 51*f + 16. Determine z(5).
-464
Let z(m) = -m**3 + 190*m**2 - 354*m - 4169. Calculate z(188).
-33
Let u(w) = -4*w - 141. What is u(-7)?
-113
Let v(t) = -4*t**3 - 10*t**2 - 14*t - 28. Determine v(-3).
32
Let l(b) = -89*b - 319. What is l(-4)?
37
Let g(l) = l**2 - 3273*l + 3273. What is g(1)?
1
Let v(u) = 1110*u + 4463. What is v(-4)?
23
Let q(z) = z**3 + 45*z**2 + 2*z + 93. What is q(-45)?
3
Let b(p) = 48*p**3 + 2*p**2 - 10*p - 25. Give b(-2).
-381
Let j(m) = -12*m**2 - 392*m - 10. Calculate j(-34).
-554
Let m(u) = -168*u - 169. Give m(-1).
-1
Let z(a) = 9*a + 302. Calculate z(-34).
-4
Let l(q) = -q**3 + 21*q**2 - q + 21. Determine l(21).
0
Let t(q) = -2*q**3 - 67*q**2 + 32*q - 49. Give t(-34).
19
Let o(d) = d**3 - 10*d**2 + 62*d - 292. Calculate o(7).
-5
Let n(t) = -t**3 + 13*t**2 - 37*t + 95. Give n(4).
91
Let v(z) = 10*z - 94. Calculate v(12).
26
Let q(c) = 31*c**2 + 84*c - 84. Determine q(1).
31
Let m(t) = -19*t - 210. What is m(-16)?
94
Let o(s) = 1685*s + 8419. Give o(-5).
-6
Let l(a) = 376*a**2 + 761*a + 12. What is l(-2)?
-6
Let l(f) = -233*f**2 + 7*f - 2. Give l(-1).
-242
Let p(l) = l**3 - 8*l**2 + 11*l - 10. Determine p(6).
-16
Let x(m) = 191*m + 2490. Determine x(-13).
7
Let y(i) = 2*i**2 - 33*i + 127. Give y(6).
1
Let b(k) = -60*k**2 + 25*k + 4. Give b(2).
-186
Let b(i) = i**2 - 289. What is b(18)?
35
Let h(o) = -8*o**3 + 1254*o**2 + 312*o + 293. Calculate h(157).
-21
Let d(x) = 30*x**2 + 1472*x + 69. Determine d(-49).
-29
Let b(w) = -74*w - 1480. Determine b(-20).
0
Let v(f) = 2*f**3 - 174*f**2 - 540*f + 5. Calculate v(90).
5
Let m(p) = -14*p**2 - 37*p + 56. Give m(-4).
-20
Let s(a) = 1387*a - 18027. Calculate s(13).
4
Let j(q) = 4*q**3 - 9*q**2 + 106*q - 412. What is j(4)?
124
Let q(m) = m**2 + 28*m - 197. What is q(-29)?
-168
Let y(r) = -78*r + 39. Determine y(-1).
117
Let a(r) = -r**2 - 58*r - 275. Give a(-6).
37
Let y(f) = -2*f**2 - 56*f - 27. What is y(-28)?
-27
Let u(r) = -r**3 + 7*r**2 - 12*r + 47. Determine u(5).
37
Let n(w) = -30*w + 647. Give n(22).
-13
Let p(f) = 23*f**3 + 96*f**2 + 6*f + 5. What is p(-4)?
45
Let c(z) = 17*z**2 + 78*z + 2. Calculate c(-3).
-79
Let i(j) = 104*j - 2873. Calculate i(29).
143
Let s(m) = m**2 - 81*m + 487. What is s(6)?
37
Let m(u) = 81*u + 12457. Determine m(-154).
-17
Let j(l) = -80*l + 94. What is j(3)?
-146
Let q(z) = -493*z - 506. What is q(-1)?
-13
Let f(z) = z**3 + z**2 - 28*z. Determine f(0).
0
Let r(z) = 44*z - 383. Calculate r(9).
13
Let p(d) = 5*d**2 + 73*d - 203. Give p(-17).
1
Let m(q) = -1418*q + 2834. Determine m(2).
-2
Let q(b) = -67*b + 129. What is q(4)?
-139
Let c(s) = s**3 + 8*s**2 - 123*s - 819. What is c(-6)?
-9
Let m(z) = -8*z**2 + 43*z - 101. What is m(5)?
-86
Let n(w) = 2415*w - 24157. Determine n(10).
-7
Let n(i) = i**3 + 41*i**2 + 108*i + 123. Calculate n(-38).
351
Let q(y) = y**3 - 69*y**2 - 53*y - 461. What is q(70)?
729
Let d(k) = k**3 - 29*k**2 + 169*k - 59. What is d(21)?
-38
Let x(p) = 7*p**3 - 40*p**2 + 12*p + 68. Give x(5).
3
Let p(s) = 2*s**2 - 17*s - 1496. Calculate p(32).
8
Let x(b) = 166*b**2 - 710*b + 159. Calculate x(4).
-25
Let y(o) = -75*o + 318. Give y(5).
-57
Let i(g) = 22*g**2 + 234*g - 70. Determine i(-11).
18
Let d(n) = -20*n**2 - n + 1. What is d(1)?
-20
Let h(t) = -t**2 - 109*t - 2861. Calculate h(-65).
-1
Let l(j) = -10*j**2 - 50*j - 24. Give l(-6).
-84
Let t(r) = 3*r**2 + 17*r + 26. Determine t(-10).
156
Let h(b) = -b**3 - 10*b**2 + 380*b - 1884. Determine h(8).
4
Let x(g) = g**2 + 786*g + 2343. Determine x(-3).
-6
Let y(l) = 163*l + 5555. Give y(-34).
13
Let u(l) = -72*l + 423. Give u(4).
135
Let w(p) = p**3 + 159*p**2 + 1348*p - 251. Determine w(-150).
49
Let x(d) = 4*d**2 + 7*d - 9. What is x(-4)?
27
Let w(j) = 678*j + 4774. Calculate w(-7).
28
Let z(d) = 93*d**2 - 3346*d - 65. What is z(36)?
7
Let n(a) = -3*a**3 - 91*a**2 - 57*a - 809. Determine n(-30).
1
Let d(j) = 5*j**2 - 73*j + 204. Give d(11).
6
Let i(g) = 16*g + 186. Determine i(-19).
-118
Let a(o) = o**3 + 5*o**2 - 2*o - 23. What is a(7)?
551
Let v(p) = 404*p - 16571. Calculate v(41).
-7
Let b(q) = q**2 + 169*q + 7126. Give b(-88).
-2
Let r(l) = l**2 - 35*l + 291. Give r(8).
75
Let r(z) = -156*z - 1670. Give r(-11).
46
Let a(r) = r**2 + 25*r - 2. Determine a(-24).
-26
Let j(a) = 3*a**2 + 53*a + 350. What is j(-8)?
118
Let h(x) = x**2 + 53*x - 3715. Give h(40).
5
Let x(h) = 2*h**2 + 10*h - 654. Give x(-20).
-54
Let d(l) = 10*l + 486. Give d(-42).
66
Let m(y) = 2*y**3 + 2*y**2 - 56*y + 22. Calculate m(-6).
-2
Let s(l) = -l**3 + 90*l**2 - 69*l - 1796. Determine s(89).
-16
Let m(d) = 414*d + 9935. Determine m(-24).
-1
Let j(o) = 116*o + 11324. Determine j(-98).
-44
Let k(j) = -j**3 - 30*j**2 - 52*j + 126. What is k(-28)?
14
Let y(x) = -x**2 + 30*x + 84. Give y(32).
20
Let h(m) = m**2 + 70*m + 110. Give h(-70).
110
Let u(c) = 2*c**2 - 186*c + 546. Determine u(90).
6
Let t(a) = -a**3 - a**2 - 15*a - 9. Determine t(0).
-9
Let j(h) = h**3 - 97*h**2 + 1300*h - 282. Give j(81).
42
Let o(t) = 424*t - 2592. Calculate o(6).
-48
Let p(r) = -13*r - 802. What is p(-23)?
-503
Let s(x) = 2*x**2 - 28*x - 19. Give s(12).
-67
Let z(n) = 105*n - 24582. Give z(234).
-12
Let v(i) = -14*i**2 - 2254*i + 2254. Determine v(-162).
-14
Let w(p) = -6*p**2 - 94*p + 26. Calculate w(-8).
394
Let d(h) = -52*h - 228. Det